{"version":"1.0","provider_name":"Deutsche Schule San Sebasti&aacute;n","provider_url":"https:\/\/colegioaleman.net\/de\/","author_name":"Deutsche Schule","author_url":"https:\/\/colegioaleman.net\/de\/author\/deutsche-schule\/","title":"Graduaci\u00f3n Bachillerato 2022-2023","type":"rich","width":600,"height":338,"html":"<blockquote class=\"wp-embedded-content\" data-secret=\"J0H8G9Ef7n\"><a href=\"https:\/\/colegioaleman.net\/de\/graduacion-bachillerato-2022-2023\/\">Graduaci\u00f3n Bachillerato 2022-2023<\/a><\/blockquote><iframe sandbox=\"allow-scripts\" security=\"restricted\" src=\"https:\/\/colegioaleman.net\/de\/graduacion-bachillerato-2022-2023\/embed\/#?secret=J0H8G9Ef7n\" width=\"600\" height=\"338\" title=\"&#8222;Graduaci\u00f3n Bachillerato 2022-2023&#8220; &#8211; Deutsche Schule San Sebasti&aacute;n\" data-secret=\"J0H8G9Ef7n\" frameborder=\"0\" marginwidth=\"0\" marginheight=\"0\" scrolling=\"no\" class=\"wp-embedded-content\"><\/iframe><script>\n\/*! This file is auto-generated *\/\n!function(d,l){\"use strict\";l.querySelector&&d.addEventListener&&\"undefined\"!=typeof URL&&(d.wp=d.wp||{},d.wp.receiveEmbedMessage||(d.wp.receiveEmbedMessage=function(e){var t=e.data;if((t||t.secret||t.message||t.value)&&!\/[^a-zA-Z0-9]\/.test(t.secret)){for(var s,r,n,a=l.querySelectorAll('iframe[data-secret=\"'+t.secret+'\"]'),o=l.querySelectorAll('blockquote[data-secret=\"'+t.secret+'\"]'),c=new RegExp(\"^https?:$\",\"i\"),i=0;i<o.length;i++)o[i].style.display=\"none\";for(i=0;i<a.length;i++)s=a[i],e.source===s.contentWindow&&(s.removeAttribute(\"style\"),\"height\"===t.message?(1e3<(r=parseInt(t.value,10))?r=1e3:~~r<200&&(r=200),s.height=r):\"link\"===t.message&&(r=new URL(s.getAttribute(\"src\")),n=new URL(t.value),c.test(n.protocol))&&n.host===r.host&&l.activeElement===s&&(d.top.location.href=t.value))}},d.addEventListener(\"message\",d.wp.receiveEmbedMessage,!1),l.addEventListener(\"DOMContentLoaded\",function(){for(var e,t,s=l.querySelectorAll(\"iframe.wp-embedded-content\"),r=0;r<s.length;r++)(t=(e=s[r]).getAttribute(\"data-secret\"))||(t=Math.random().toString(36).substring(2,12),e.src+=\"#?secret=\"+t,e.setAttribute(\"data-secret\",t)),e.contentWindow.postMessage({message:\"ready\",secret:t},\"*\")},!1)))}(window,document);\n\/\/# sourceURL=https:\/\/colegioaleman.net\/wp-includes\/js\/wp-embed.min.js\n<\/script>\n","thumbnail_url":"https:\/\/colegioaleman.net\/wp-content\/uploads\/2023\/07\/ds-graduacion-1536x1152-1.jpg","thumbnail_width":1536,"thumbnail_height":1152,"description":"AUFWIEDERSEHEN!!! Y lleg\u00f3 el fin de curso 2022-2023 y con ello la graduaci\u00f3n del alumnado de 2\u00ba de Bachillerato!!! Con un mes de Junio lleno de eventos de celebraci\u00f3n, despedidas, alegr\u00edas, amistad, compa\u00f1erismo y ganas de un m\u00e1s que merecido descanso\u2026 \u00a1Feliz verano a todas y todos! Os lo hab\u00e9is ganado Alles Gute!! Ondo izan!!"}

Graduación Bachillerato 2022-2023

<blockquote class="wp-embedded-content" data-secret="J0H8G9Ef7n"><a href="https://colegioaleman.net/de/graduacion-bachillerato-2022-2023/">Graduación Bachillerato 2022-2023</a></blockquote><iframe sandbox="allow-scripts" security="restricted" src="https://colegioaleman.net/de/graduacion-bachillerato-2022-2023/embed/#?secret=J0H8G9Ef7n" width="600" height="338" title="&#8222;Graduación Bachillerato 2022-2023&#8220; &#8211; Deutsche Schule San Sebasti&aacute;n" data-secret="J0H8G9Ef7n" frameborder="0" marginwidth="0" marginheight="0" scrolling="no" class="wp-embedded-content"></iframe><script>
/*! This file is auto-generated */
!function(d,l){"use strict";l.querySelector&&d.addEventListener&&"undefined"!=typeof URL&&(d.wp=d.wp||{},d.wp.receiveEmbedMessage||(d.wp.receiveEmbedMessage=function(e){var t=e.data;if((t||t.secret||t.message||t.value)&&!/[^a-zA-Z0-9]/.test(t.secret)){for(var s,r,n,a=l.querySelectorAll('iframe[data-secret="'+t.secret+'"]'),o=l.querySelectorAll('blockquote[data-secret="'+t.secret+'"]'),c=new RegExp("^https?:$","i"),i=0;i<o.length;i++)o[i].style.display="none";for(i=0;i<a.length;i++)s=a[i],e.source===s.contentWindow&&(s.removeAttribute("style"),"height"===t.message?(1e3<(r=parseInt(t.value,10))?r=1e3:~~r<200&&(r=200),s.height=r):"link"===t.message&&(r=new URL(s.getAttribute("src")),n=new URL(t.value),c.test(n.protocol))&&n.host===r.host&&l.activeElement===s&&(d.top.location.href=t.value))}},d.addEventListener("message",d.wp.receiveEmbedMessage,!1),l.addEventListener("DOMContentLoaded",function(){for(var e,t,s=l.querySelectorAll("iframe.wp-embedded-content"),r=0;r<s.length;r++)(t=(e=s[r]).getAttribute("data-secret"))||(t=Math.random().toString(36).substring(2,12),e.src+="#?secret="+t,e.setAttribute("data-secret",t)),e.contentWindow.postMessage({message:"ready",secret:t},"*")},!1)))}(window,document);
//# sourceURL=https://colegioaleman.net/wp-includes/js/wp-embed.min.js
</script>

AUFWIEDERSEHEN!!! Y llegó el fin de curso 2022-2023 y con ello la graduación del alumnado de 2º de Bachillerato!!! Con un mes de Junio lleno de eventos de celebración, despedidas, alegrías, amistad, compañerismo y ganas de un más que merecido descanso… ¡Feliz verano a todas y todos! Os lo habéis ganado Alles Gute!! Ondo izan!!
