{"version":"1.0","provider_name":"Deutsche Schule San Sebasti&aacute;n","provider_url":"https:\/\/colegioaleman.net\/de\/","author_name":"Deutsche Schule","author_url":"https:\/\/colegioaleman.net\/de\/author\/deutsche-schule\/","title":"JUGEND MUSIZIERT FINAL EN ALEMANIA","type":"rich","width":600,"height":338,"html":"<blockquote class=\"wp-embedded-content\" data-secret=\"ybesda2zCT\"><a href=\"https:\/\/colegioaleman.net\/de\/jugend-musiziert-final-en-alemania\/\">JUGEND MUSIZIERT FINAL EN ALEMANIA<\/a><\/blockquote><iframe sandbox=\"allow-scripts\" security=\"restricted\" src=\"https:\/\/colegioaleman.net\/de\/jugend-musiziert-final-en-alemania\/embed\/#?secret=ybesda2zCT\" width=\"600\" height=\"338\" title=\"&#8222;JUGEND MUSIZIERT FINAL EN ALEMANIA&#8220; &#8211; Deutsche Schule San Sebasti&aacute;n\" data-secret=\"ybesda2zCT\" frameborder=\"0\" marginwidth=\"0\" marginheight=\"0\" scrolling=\"no\" class=\"wp-embedded-content\"><\/iframe><script>\n\/*! This file is auto-generated *\/\n!function(d,l){\"use strict\";l.querySelector&&d.addEventListener&&\"undefined\"!=typeof URL&&(d.wp=d.wp||{},d.wp.receiveEmbedMessage||(d.wp.receiveEmbedMessage=function(e){var t=e.data;if((t||t.secret||t.message||t.value)&&!\/[^a-zA-Z0-9]\/.test(t.secret)){for(var s,r,n,a=l.querySelectorAll('iframe[data-secret=\"'+t.secret+'\"]'),o=l.querySelectorAll('blockquote[data-secret=\"'+t.secret+'\"]'),c=new RegExp(\"^https?:$\",\"i\"),i=0;i<o.length;i++)o[i].style.display=\"none\";for(i=0;i<a.length;i++)s=a[i],e.source===s.contentWindow&&(s.removeAttribute(\"style\"),\"height\"===t.message?(1e3<(r=parseInt(t.value,10))?r=1e3:~~r<200&&(r=200),s.height=r):\"link\"===t.message&&(r=new URL(s.getAttribute(\"src\")),n=new URL(t.value),c.test(n.protocol))&&n.host===r.host&&l.activeElement===s&&(d.top.location.href=t.value))}},d.addEventListener(\"message\",d.wp.receiveEmbedMessage,!1),l.addEventListener(\"DOMContentLoaded\",function(){for(var e,t,s=l.querySelectorAll(\"iframe.wp-embedded-content\"),r=0;r<s.length;r++)(t=(e=s[r]).getAttribute(\"data-secret\"))||(t=Math.random().toString(36).substring(2,12),e.src+=\"#?secret=\"+t,e.setAttribute(\"data-secret\",t)),e.contentWindow.postMessage({message:\"ready\",secret:t},\"*\")},!1)))}(window,document);\n\/\/# sourceURL=https:\/\/colegioaleman.net\/wp-includes\/js\/wp-embed.min.js\n<\/script>\n","thumbnail_url":"https:\/\/colegioaleman.net\/wp-content\/uploads\/2022\/06\/musiziert22.jpg","thumbnail_width":1080,"thumbnail_height":810,"description":"Enhorabuena a nuestras cantantes Alba Becerra e In\u00e9s Legarda por su 3r Premio con 21 puntos en la final de Jugend Musiziert 2022 que este a\u00f1o se ha celebrado en Oldenburg. Las cantantes han actuado en el Staatstheater de Oldenburg y han sido acompa\u00f1adas al piano\ud83c\udfb9 por Kei Sugaya, maravilloso pianista de origen japon\u00e9s. El [&hellip;]"}

Enhorabuena a nuestras cantantes Alba Becerra e Inés Legarda por su 3r Premio con 21 puntos en la final de Jugend Musiziert 2022 que este año se ha celebrado en Oldenburg. Las cantantes han actuado en el Staatstheater de Oldenburg y han sido acompañadas al piano🎹 por Kei Sugaya, maravilloso pianista de origen japonés. El [&hellip;]
